y 9.
7
Let b = -1247 + 1613. Calculate the remainder when b is divided by 43.
22
Let i(o) = -o**2 + 11*o + 28. Let w be i(12). Suppose -w*h + 15*h = -20. What is the remainder when 71 is divided by h?
11
Let f(u) = -2*u**3 - 27*u**2 - 42*u. What is the remainder when 141 is divided by f(-12)?
69
What is the remainder when (17/(-2))/((-42)/588) is divided by 23?
4
Let o(c) = -c**2 + c - 1. Let l be o(0). Calculate the remainder when ((0 - 1) + -16)/l is divided by (-35)/7*1*(-24)/20.
5
Let v be (-5)/(-30) + 29/6. Suppose -v = 3*d - 38. Let a(t) = -t**2 + 10*t - 4. What is the remainder when a(4) is divided by d?
9
Let y = -57 - -89. Let w(p) = 5*p - 57. Let d(o) = -2*o + 19. Let h(q) = -8*d(q) - 3*w(q). What is the remainder when y is divided by h(-8)?
10
Let i(r) = 8. Let o(h) = -h - 2. Let k(q) = 2*i(q) + 8*o(q). Suppose -2 = 4*d + 6, -3*s + 2*d = 5. What is the remainder when 94 is divided by k(s)?
22
Let u(n) = 3*n**2 - 2*n - 44. What is the remainder when u(-9) is divided by 20?
17
Suppose 5*p + 14 = 2*x, 0*x + 4*x - 5*p - 48 = 0. Suppose 48 = 3*n - 87. Calculate the remainder when n is divided by x.
11
Let j = 10 + 168. Calculate the remainder when 79 is divided by j/9 + (-24)/(-108).
19
Let z(m) = 171*m - 1. Calculate the remainder when z(1) is divided by (9/((-324)/16) - 1173/(-27))*1.
41
Let o = 253 - 250. Let b be -2 - 0 - (-8)/4. Suppose b = 3*r - r - 20. Calculate the remainder when r is divided by o.
1
Suppose g = d + 8, -5*d + 2 = -3*d. Suppose -5*i - 7*h = -3*h - 14, 0 = -h + 1. What is the remainder when 20 + -2 - (i + 0) is divided by g?
7
Suppose 394 = 4*l - 5*c + 3*c, -5*c - 391 = -4*l. What is the remainder when l is divided by 4?
3
Let h = 982 - 911. What is the remainder when 91 is divided by h?
20
What is the remainder when 171/95*(-2980)/(-12) is divided by 9?
6
Let h = 27 - 40. What is the remainder when 82 is divided by h/(-1) - (2 - 3)?
12
Suppose -3*v - 2*w = 3*w - 29, 0 = 2*v - 3*w - 51. Let d(b) = 13*b + 102. Calculate the remainder when v is divided by d(-7).
7
Let f = -521 - -526. What is the remainder when 44 is divided by f?
4
Let j(s) = 12*s + 1. Let z be (-17)/4 + 115/(-20) + 6. What is the remainder when -1 + (2/(-5))/(z/1480) is divided by j(3)?
36
Suppose 5*u - 4*z - 154 - 593 = 0, -5*u = -2*z - 751. Suppose -u = -4*l + 29. What is the remainder when 312 is divided by l?
42
Suppose 2*d + 32 = -2*i + 104, 4*i = -8. Calculate the remainder when 183 is divided by d.
31
Let f be (6/(-9))/((-6)/216). What is the remainder when 11 is divided by (-1 + 2)*f/8?
2
Let a = -30 + 32. Suppose 40 = 4*x - a*j, 0*x + 2*x - 3*j = 16. What is the remainder when 19 is divided by x?
8
Suppose 4*y = 4*s, -y + 4*y + 5*s - 24 = 0. Suppose 5*a - 270 = -y*p + p, 5 = p. Calculate the remainder when a is divided by 27.
25
Suppose -66 = -c - 2*s, 4*s - 3*s - 218 = -3*c. What is the remainder when 453 is divided by c?
9
Let i = -247 - -663. Calculate the remainder when i is divided by 11.
9
Suppose -27 = 2*b - 65. Let s = b + 4. Let p = 9 + -4. Calculate the remainder when s is divided by p.
3
Suppose -2*f - f + 2*h + 31 = 0, f - 2*h = 5. Suppose -j = -2*b + 251, -b - 3*b - 5*j + 537 = 0. What is the remainder when b is divided by f?
11
Suppose 78 - 182 = -4*u. Calculate the remainder when 570 is divided by u.
24
What is the remainder when 0 + 248 - (57 + -65) is divided by 65?
61
Suppose -45*l + 377 = -16*l. Calculate the remainder when l is divided by (-1)/(1/(-5)*1).
3
What is the remainder when 308 is divided by 10/55 - 1/((-44)/3424)?
74
Suppose -8*t + 560 = -t. What is the remainder when (-3 + 2 - -2) + t is divided by 6?
3
Let i(s) = 5*s + 10. Let h be i(-6). Let o be 5*((-584)/h - -3). Suppose -o = -6*f - 11. What is the remainder when f is divided by 13?
12
Suppose -2*k + 12 = k. Suppose 3 = 3*h - k*h. What is the remainder when h + (2 - 4 - -50) is divided by 13?
6
Let c = 267 - 216. What is the remainder when c is divided by 31?
20
Let y = -3 + -6. Let v = 20 + -9. What is the remainder when v is divided by (12/y)/((-6)/18)?
3
Let h be (-1 - 2) + 4 - 3 - -11. Suppose -3*m = -b + 14, -5*b - 5*m + h = -41. Calculate the remainder when 52 is divided by b.
8
Suppose 2*a - 5 = -s, 6*a + s = a + 20. Suppose a*v - 4*u - 275 = 0, 5*v = 7*v + 2*u - 128. What is the remainder when v is divided by 32?
27
Let h(f) = -14*f + 1. What is the remainder when h(-6) is divided by (-56)/((-22)/11) + 2*-3?
19
Let d(v) = v**2 - 5*v - 4. Let l be d(6). Suppose l*m - 12 = m. Calculate the remainder when (3 - 4)/(1/(-45)) is divided by m.
9
Suppose 113 = 3*s + 95. Calculate the remainder when (-21)/s*(-2 - 4/2) is divided by 6.
2
Let n(p) = p**3 - 8*p**2 - 7*p + 13. Let c be (-1 - -3) + 4 - -3. Let z(w) = 2*w**2 - 4*w + 1. Calculate the remainder when n(c) is divided by z(4).
14
Let k be 1*(-2 - -2*2). Let p(l) = 0*l - 4*l + l - 13 - k*l. Calculate the remainder when 66 is divided by p(-6).
15
Let r = -61 - -68. Let d = 60 + r. Calculate the remainder when d is divided by 14.
11
Let x = -5 - -81. Suppose -315*i + 313*i = 150. Let r = i + 91. Calculate the remainder when x is divided by r.
12
Let b be 10*((-6)/(-4))/3. What is the remainder when 38*(-36)/54*3/(-4) is divided by (b/((-5)/(-14)))/2?
5
Let v(k) be the third derivative of -k**5/60 - 11*k**4/12 + 2*k**3/3 + 19*k**2. Calculate the remainder when v(-20) is divided by 12.
8
Suppose -3*t - 17 = -32, -2*m - t + 1297 = 0. Calculate the remainder when m is divided by 72.
70
Suppose j - 2*k - 572 = 0, 21 - 41 = 5*k. What is the remainder when j is divided by 113?
112
Suppose 7*d - 11*d - 726 = -5*b, -5*b + 5*d + 730 = 0. What is the remainder when b is divided by 37?
31
Let w = -689 - -737. What is the remainder when 147 is divided by w?
3
Let j = -418 - -610. Calculate the remainder when j is divided by 19.
2
What is the remainder when 1650 is divided by (10 - -25)/(20/16)?
26
Suppose -4*b + 4*m = -27 + 3, -4*m = -5*b + 27. Calculate the remainder when 27 is divided by b.
0
Let q(i) = i**3 + i**2 - i + 1. Let u(f) = -39*f**3 - 5*f**2 + 7*f - 5. Let t(d) = 6*q(d) + u(d). Calculate the remainder when t(-1) is divided by 7.
6
Let i(d) = -8*d + 1 - 5*d - 2 + 17*d. Let t = 4 + 0. What is the remainder when i(t) is divided by 6?
3
Let v(x) = x**3 - x**2 + x + 4. Let k be v(0). Let h = 8 - k. Suppose h*b - 9 = 39. Calculate the remainder when 58 is divided by b.
10
Suppose t + 69 = -3*p - 18, -477 = 5*t + p. Let i = t + 120. What is the remainder when i is divided by 13?
11
Suppose -3*a - 54 = a + 2*n, 2*n = 10. Let r(p) = 5*p - 6. Let m be r(6). Let g = m + a. Calculate the remainder when 14 is divided by g.
6
Let b(f) = -f**3 + 2*f**2 + 3*f - 3. Let j(o) = -2*o**2 + 42*o + 21. Calculate the remainder when j(18) is divided by b(-3).
30
Let o(l) be the third derivative of l**6/120 + 11*l**5/60 - 5*l**4/6 - l**3 + 12*l**2. Calculate the remainder when o(-12) is divided by 23.
21
Let m(v) = v**2 + 13*v + 2. Let j be m(-13). Suppose -6*i + 240 = -j*i. Calculate the remainder when i is divided by 21.
18
Let d be 4/(-20) + (-22)/(-10). Suppose 3*w + 10 = 82. Calculate the remainder when 2 + (-2)/(-4)*d*43 is divided by w.
21
Let p be 2/(-6) - (-1)/3. Suppose -4*c + 6*c - 14 = p. Let t(i) = 13*i. Calculate the remainder when t(1) is divided by c.
6
Let d = -53 + 59. Calculate the remainder when d is divided by 6.
0
Suppose -2*b + 23 = -2*a + 331, -2*b = -4*a + 610. What is the remainder when a is divided by 74?
3
What is the remainder when (18/7)/((-120)/(-21280)) is divided by 23?
19
Suppose 4*b = 12, 0 = -3*z + z - 5*b + 17. Let c(t) = 3*t. Let w be c(z). Calculate the remainder when 48 is divided by 34*(0 - w/(-6)).
14
Suppose -3*j = 5*j + 176. Let c = 39 + j. Calculate the remainder when 47 is divided by c.
13
Let v(m) = -m**3 - 10*m**2 + 23*m - 3. Let r be v(-12). Suppose -3*p + r*p = 78. Calculate the remainder when 128 is divided by p.
11
Let z be (-6 - -9)*2/(-2). Let k = -23 - -37. What is the remainder when z - ((-6)/9)/(4/168) is divided by k?
11
Suppose 122*r - 48 = 116*r. Calculate the remainder when 17 is divided by r.
1
Let x(q) = q**3 + q**2 - q. Let g = 2 - -3. Suppose -7 = -g*d + 8. What is the remainder when x(2) is divided by d?
1
Let f = -15 + -65. What is the remainder when 24 is 